8?
16
What is the greatest common factor of 1232 and 511?
7
What is the greatest common divisor of 110289 and 7857?
291
What is the highest common divisor of 42 and 773346?
42
What is the highest common divisor of 13865877 and 171?
171
Calculate the greatest common factor of 285120 and 110.
110
Calculate the greatest common factor of 169863 and 4797.
123
Calculate the highest common divisor of 4267 and 2737.
17
What is the greatest common divisor of 8413 and 93?
1
What is the greatest common divisor of 35358 and 8307?
213
What is the highest common divisor of 8492 and 88?
44
What is the greatest common divisor of 34295 and 12996?
361
What is the greatest common factor of 185364 and 25308?
684
What is the greatest common factor of 620 and 982390?
310
Calculate the greatest common divisor of 646 and 34425.
17
Calculate the greatest common divisor of 4488 and 310607.
187
Calculate the highest common factor of 222 and 480112.
74
Calculate the highest common factor of 349 and 123895.
349
Calculate the highest common divisor of 3405141 and 1206.
603
What is the highest common factor of 105 and 42795?
15
What is the highest common divisor of 5082 and 194656?
154
What is the greatest common factor of 272219 and 274?
137
What is the greatest common divisor of 1587 and 10281?
69
What is the greatest common divisor of 71 and 4688059?
71
What is the greatest common divisor of 142640 and 144?
16
Calculate the greatest common divisor of 65555 and 7.
7
Calculate the greatest common divisor of 20497 and 1393.
199
Calculate the highest common factor of 112 and 55384.
56
What is the greatest common divisor of 35 and 40615?
5
What is the greatest common divisor of 53760 and 8820?
420
What is the highest common factor of 23 and 752284?
23
Calculate the greatest common factor of 3225 and 42699.
129
What is the greatest common factor of 9742 and 10?
2
Calculate the greatest common factor of 246 and 118.
2
What is the highest common factor of 6939 and 63993?
771
Calculate the greatest common factor of 1550 and 11873000.
1550
Calculate the highest common divisor of 513 and 18563.
19
Calculate the highest common divisor of 1820 and 742.
14
What is the highest common factor of 3434536 and 112?
56
Calculate the highest common divisor of 481 and 351.
13
Calculate the highest common factor of 319166 and 212.
106
Calculate the highest common factor of 2960 and 474784.
592
Calculate the greatest common divisor of 1651 and 33241.
13
Calculate the greatest common factor of 25480 and 40.
40
What is the highest common factor of 951558 and 114?
114
Calculate the greatest common factor of 658036 and 153.
17
Calculate the greatest common divisor of 27 and 18810.
9
What is the greatest common factor of 3449199 and 39?
39
What is the greatest common factor of 1606228 and 1768?
884
What is the highest common factor of 288 and 7140?
12
What is the highest common divisor of 139391 and 49?
7
Calculate the highest common divisor of 1269 and 10827.
27
What is the greatest common divisor of 12 and 124732?
4
Calculate the highest common divisor of 17081 and 74617.
899
Calculate the highest common divisor of 881 and 1.
1
What is the greatest common factor of 7420 and 8215?
265
What is the highest common factor of 27781 and 156?
13
What is the greatest common factor of 11303 and 356?
89
Calculate the highest common divisor of 273 and 306345.
39
Calculate the greatest common factor of 168 and 11018.
14
What is the highest common factor of 111384 and 144?
72
Calculate the highest common divisor of 1870 and 174130.
110
Calculate the highest common divisor of 2296 and 7784.
56
Calculate the greatest common divisor of 264 and 45606.
66
Calculate the highest common factor of 499016 and 1072.
536
What is the greatest common divisor of 39911 and 749?
107
Calculate the greatest common divisor of 25993 and 834139.
2363
What is the highest common factor of 91 and 206531?
13
What is the greatest common divisor of 16 and 177064?
8
What is the greatest common factor of 72633 and 44?
11
Calculate the greatest common factor of 29808 and 115.
23
Calculate the highest common divisor of 204881 and 422.
211
Calculate the highest common factor of 6642 and 162.
162
Calculate the greatest common factor of 2406624 and 258.
258
Calculate the greatest common factor of 273 and 3507.
21
Calculate the greatest common factor of 68180 and 14.
14
Calculate the highest common factor of 4115 and 1225447.
823
Calculate the highest common divisor of 219204 and 24.
12
Calculate the greatest common factor of 121 and 1111.
11
Calculate the highest common factor of 4160 and 13845.
65
Calculate the greatest common divisor of 4015 and 143.
11
Calculate the greatest common divisor of 126 and 140.
14
What is the greatest common factor of 668 and 1736?
4
What is the greatest common divisor of 835 and 3948715?
835
Calculate the highest common factor of 10602 and 8626.
38
What is the highest common divisor of 608 and 1137216?
32
What is the highest common divisor of 1048 and 5371?
131
Calculate the greatest common factor of 70 and 13867.
7
Calculate the greatest common divisor of 12 and 99404.
4
Calculate the greatest common divisor of 413 and 287.
7
What is the greatest common factor of 1032 and 43602?
258
Calculate the highest common factor of 161964 and 2112.
132
What is the highest common factor of 1363 and 2068?
47
Calculate the greatest common factor of 24 and 184062.
6
Calculate the greatest common factor of 28067 and 2431.
221
Calculate the highest common factor of 2052 and 7092.
36
Calculate the highest common factor of 278762 and 66.
22
What is the greatest common factor of 137754 and 216?
54
What is the highest common factor of 20976 and 12768?
912
What is the greatest common factor of 54372 and 12?
12
What is the highest common factor of 815 and 1942145?
815
Calculate the highest common divisor of 954 and 153329.
53
Calculate the highest common factor of 2810 and 1683752.
562
What is the greatest common factor of 1132 and 174894?
566
What is the highest common divisor of 114219 and 4329?
333
Calculate the highest common divisor of 714 and 46920.
102
Calculate the highest common factor of 20 and 36.
4
What is the highest common divisor of 510 and 267342?
102
Calculate the greatest common factor of 186011 and 21.
7
Calculate the greatest common divisor of 68657 and 284.
71
Calculate the greatest common divisor of 15866 and 50.
2
What is the greatest common factor of 1325938 and 116?
58
What is the greatest common divisor of 9929 and 11?
1
What is the greatest common factor of 180 and 1180?
20
What is the greatest common divisor of 3065 and 185?
5
What is the highest common factor of 2870 and 43330?
70
Calculate the greatest common divisor of 795847 and 435.
29
What is the highest common divisor of 796 and 108?
4
Calculate the greatest common factor of 16 and 988.
4
What is the highest common divisor of 20956 and 279?
31
Calculate the greatest common divisor of 192636 and 36.
36
Calculate the highest common factor of 12 and 1591932.
12
What is the highest common divisor of 101170 and 425820?
1510
What is the highest common divisor of 140793 and 4627?
661
Calculate the highest common divisor of 1410 and 2510.
10
Calculate the highest common factor of 192 and 1052736.
192
What is the highest common divisor of 300404 and 265?
53
What is the greatest common divisor of 8148 and 2604?
84
Calculate the highest common divisor of 1804 and 3124.
44
What is the greatest common divisor of 419 and 28603454?
419
What is the greatest common factor of 5071 and 634797?
461
What is the greatest common factor of 5478 and 726?
66
Calculate the highest common factor of 1782365 and 2210.
1105
What is the greatest common factor of 2145690 and 54?
54
What is the greatest common factor of 616 and 12298?
22
What is the greatest common factor of 2954 and 3584?
14
What is the greatest common divisor of 1343907 and 135?
9
What is the highest common divisor of 11128 and 702?
26
Calculate the greatest common factor of 10792 and 342.
38
Calculate the greatest common factor of 134611 and 9488.
593
Calculate the highest common factor of 5718576 and 1093.
1093
Calculate the highest common factor of 26781 and 9492.
339
Calculate the highest common divisor of 6